{"id":1067,"date":"2023-05-03T22:00:13","date_gmt":"2023-05-03T20:00:13","guid":{"rendered":"https:\/\/home.onwheels.de\/?page_id=1067"},"modified":"2023-05-03T22:12:45","modified_gmt":"2023-05-03T20:12:45","slug":"vorlage-rueckblick","status":"publish","type":"page","link":"https:\/\/home.onwheels.de\/?page_id=1067","title":{"rendered":"Gelungene Krokodilstour zum Drachenfels"},"content":{"rendered":"\n<p class=\"has-text-align-center\">29. April 2023<\/p>\n\n\n<div class=\"wp-block-image is-style-default\">\n<figure class=\"aligncenter size-large is-resized\"><img loading=\"lazy\" decoding=\"async\" src=\"https:\/\/home.onwheels.de\/wp-content\/uploads\/2023\/05\/03_194-158-Buldern-29.04.2023-Bild-9-1024x683.jpg\" alt=\"\" class=\"wp-image-1072\" width=\"561\" height=\"374\" srcset=\"https:\/\/home.onwheels.de\/wp-content\/uploads\/2023\/05\/03_194-158-Buldern-29.04.2023-Bild-9-1024x683.jpg 1024w, https:\/\/home.onwheels.de\/wp-content\/uploads\/2023\/05\/03_194-158-Buldern-29.04.2023-Bild-9-300x200.jpg 300w, https:\/\/home.onwheels.de\/wp-content\/uploads\/2023\/05\/03_194-158-Buldern-29.04.2023-Bild-9-150x100.jpg 150w, https:\/\/home.onwheels.de\/wp-content\/uploads\/2023\/05\/03_194-158-Buldern-29.04.2023-Bild-9-768x512.jpg 768w, https:\/\/home.onwheels.de\/wp-content\/uploads\/2023\/05\/03_194-158-Buldern-29.04.2023-Bild-9-1536x1024.jpg 1536w, https:\/\/home.onwheels.de\/wp-content\/uploads\/2023\/05\/03_194-158-Buldern-29.04.2023-Bild-9-2048x1365.jpg 2048w, https:\/\/home.onwheels.de\/wp-content\/uploads\/2023\/05\/03_194-158-Buldern-29.04.2023-Bild-9-600x400.jpg 600w\" sizes=\"auto, (max-width: 561px) 100vw, 561px\" \/><\/figure>\n<\/div>\n\n<p>\u00a0<\/p>\n<p style=\"text-align: left;\"><img loading=\"lazy\" decoding=\"async\" class=\" wp-image-1073 alignleft\" src=\"https:\/\/home.onwheels.de\/wp-content\/uploads\/2023\/05\/DSCN6929-300x225.jpg\" alt=\"\" width=\"300\" height=\"225\" srcset=\"https:\/\/home.onwheels.de\/wp-content\/uploads\/2023\/05\/DSCN6929-300x225.jpg 300w, https:\/\/home.onwheels.de\/wp-content\/uploads\/2023\/05\/DSCN6929-1024x768.jpg 1024w, https:\/\/home.onwheels.de\/wp-content\/uploads\/2023\/05\/DSCN6929-150x113.jpg 150w, https:\/\/home.onwheels.de\/wp-content\/uploads\/2023\/05\/DSCN6929-768x576.jpg 768w, https:\/\/home.onwheels.de\/wp-content\/uploads\/2023\/05\/DSCN6929-1536x1152.jpg 1536w, https:\/\/home.onwheels.de\/wp-content\/uploads\/2023\/05\/DSCN6929-2048x1536.jpg 2048w, https:\/\/home.onwheels.de\/wp-content\/uploads\/2023\/05\/DSCN6929-600x450.jpg 600w\" sizes=\"auto, (max-width: 300px) 100vw, 300px\" \/>Am 29. April 2023 war es endlich so weit: Ein vollbesetzter Sonderzug der Hammer Eisenbahnfreunde fuhr im Auftrag der Eisenbahnfreunde OnWheels mit dem &#8222;Krokodil&#8220;, der Ellok 194 158-2, nach K\u00f6nigswinter und Linz am Rhein. Unterst\u00fctzt wurde die Fuhre mit dreiachsigen &#8222;Umbauwagen&#8220; aus den 1950er Jahren von eine historischen Diesellok 212 079-8, die aber der starken elektrischen G\u00fcterzuglok nicht helfen musste, sondern f\u00fcr zur \u00dcberf\u00fchrung auf einem stromlosen Gleis gebraucht wurde.<br \/><br \/>\u00dcber eine interessante links- und rechtsrheinische Strecke, wobei G\u00fctergleise genutzt wurden, um Baustellen zu umfahren, erreichte unser Zug seine Ziele \u00fcberp\u00fcnktlich und konnte gro\u00dfe Streckenabschnitte ohne jeden Halte durchfahren.<\/p>\n<p style=\"text-align: justify;\"><br \/><img loading=\"lazy\" decoding=\"async\" class=\"alignright  wp-image-1076\" src=\"https:\/\/home.onwheels.de\/wp-content\/uploads\/2023\/05\/DSCN6947-300x225.jpg\" alt=\"\" width=\"302\" height=\"227\" srcset=\"https:\/\/home.onwheels.de\/wp-content\/uploads\/2023\/05\/DSCN6947-300x225.jpg 300w, https:\/\/home.onwheels.de\/wp-content\/uploads\/2023\/05\/DSCN6947-1024x768.jpg 1024w, https:\/\/home.onwheels.de\/wp-content\/uploads\/2023\/05\/DSCN6947-150x113.jpg 150w, https:\/\/home.onwheels.de\/wp-content\/uploads\/2023\/05\/DSCN6947-768x576.jpg 768w, https:\/\/home.onwheels.de\/wp-content\/uploads\/2023\/05\/DSCN6947-1536x1152.jpg 1536w, https:\/\/home.onwheels.de\/wp-content\/uploads\/2023\/05\/DSCN6947-2048x1536.jpg 2048w, https:\/\/home.onwheels.de\/wp-content\/uploads\/2023\/05\/DSCN6947-600x450.jpg 600w\" sizes=\"auto, (max-width: 302px) 100vw, 302px\" \/>Im Zug war die Stimmung sehr gut. Getr\u00e4nke und kleine Speisen wurden im Barwagen gerne angenommen. an den Zielorten konnten die Reisenden so einiges unternehmen: Von Linz aus fuhren viele mit dem Schiff der &#8222;K\u00f6ln-D\u00fcsseldorfer&#8220; rheinabw\u00e4rts nach K\u00f6nigswinter, wo immer noch genug Zeit blieb, um mit der Zahnradbahn oder zu Fu\u00df zur Drachenburg und auf den Felsen zu gelangen. Einige nutzen auch den historischen Schienenbus in Linz f\u00fcr eine Fahrt auf der Steilstrecke im Kasbachtal.<\/p>\n\n\n<figure class=\"wp-block-gallery has-nested-images columns-default is-cropped wp-block-gallery-1 is-layout-flex wp-block-gallery-is-layout-flex\">\n<figure class=\"wp-block-image size-large\"><img loading=\"lazy\" decoding=\"async\" width=\"1024\" height=\"768\" data-id=\"1080\" src=\"https:\/\/home.onwheels.de\/wp-content\/uploads\/2023\/05\/DSCN6933-1-1024x768.jpg\" alt=\"\" class=\"wp-image-1080\" srcset=\"https:\/\/home.onwheels.de\/wp-content\/uploads\/2023\/05\/DSCN6933-1-1024x768.jpg 1024w, https:\/\/home.onwheels.de\/wp-content\/uploads\/2023\/05\/DSCN6933-1-300x225.jpg 300w, https:\/\/home.onwheels.de\/wp-content\/uploads\/2023\/05\/DSCN6933-1-150x113.jpg 150w, https:\/\/home.onwheels.de\/wp-content\/uploads\/2023\/05\/DSCN6933-1-768x576.jpg 768w, https:\/\/home.onwheels.de\/wp-content\/uploads\/2023\/05\/DSCN6933-1-1536x1152.jpg 1536w, https:\/\/home.onwheels.de\/wp-content\/uploads\/2023\/05\/DSCN6933-1-2048x1536.jpg 2048w, https:\/\/home.onwheels.de\/wp-content\/uploads\/2023\/05\/DSCN6933-1-600x450.jpg 600w\" sizes=\"auto, (max-width: 1024px) 100vw, 1024px\" \/><\/figure>\n\n\n\n<figure class=\"wp-block-image size-large\"><img loading=\"lazy\" decoding=\"async\" width=\"1024\" height=\"768\" data-id=\"1079\" src=\"https:\/\/home.onwheels.de\/wp-content\/uploads\/2023\/05\/DSCN6940-1-1024x768.jpg\" alt=\"\" class=\"wp-image-1079\" srcset=\"https:\/\/home.onwheels.de\/wp-content\/uploads\/2023\/05\/DSCN6940-1-1024x768.jpg 1024w, https:\/\/home.onwheels.de\/wp-content\/uploads\/2023\/05\/DSCN6940-1-300x225.jpg 300w, https:\/\/home.onwheels.de\/wp-content\/uploads\/2023\/05\/DSCN6940-1-150x113.jpg 150w, https:\/\/home.onwheels.de\/wp-content\/uploads\/2023\/05\/DSCN6940-1-768x576.jpg 768w, https:\/\/home.onwheels.de\/wp-content\/uploads\/2023\/05\/DSCN6940-1-1536x1152.jpg 1536w, https:\/\/home.onwheels.de\/wp-content\/uploads\/2023\/05\/DSCN6940-1-2048x1536.jpg 2048w, https:\/\/home.onwheels.de\/wp-content\/uploads\/2023\/05\/DSCN6940-1-600x450.jpg 600w\" sizes=\"auto, (max-width: 1024px) 100vw, 1024px\" \/><\/figure>\n\n\n\n<figure class=\"wp-block-image size-large\"><img loading=\"lazy\" decoding=\"async\" width=\"1024\" height=\"768\" data-id=\"1077\" src=\"https:\/\/home.onwheels.de\/wp-content\/uploads\/2023\/05\/DSCN6957-1024x768.jpg\" alt=\"\" class=\"wp-image-1077\" srcset=\"https:\/\/home.onwheels.de\/wp-content\/uploads\/2023\/05\/DSCN6957-1024x768.jpg 1024w, https:\/\/home.onwheels.de\/wp-content\/uploads\/2023\/05\/DSCN6957-300x225.jpg 300w, https:\/\/home.onwheels.de\/wp-content\/uploads\/2023\/05\/DSCN6957-150x113.jpg 150w, https:\/\/home.onwheels.de\/wp-content\/uploads\/2023\/05\/DSCN6957-768x576.jpg 768w, https:\/\/home.onwheels.de\/wp-content\/uploads\/2023\/05\/DSCN6957-1536x1152.jpg 1536w, https:\/\/home.onwheels.de\/wp-content\/uploads\/2023\/05\/DSCN6957-2048x1536.jpg 2048w, https:\/\/home.onwheels.de\/wp-content\/uploads\/2023\/05\/DSCN6957-600x450.jpg 600w\" sizes=\"auto, (max-width: 1024px) 100vw, 1024px\" \/><\/figure>\n<\/figure>\n","protected":false},"excerpt":{"rendered":"<p>29. April 2023 \u00a0 Am 29. April 2023 war es endlich so weit: Ein vollbesetzter Sonderzug der Hammer Eisenbahnfreunde fuhr im Auftrag der Eisenbahnfreunde OnWheels mit dem &#8222;Krokodil&#8220;, der Ellok 194 158-2, nach K\u00f6nigswinter und Linz am Rhein. Unterst\u00fctzt wurde&hellip; <\/p>\n","protected":false},"author":1,"featured_media":0,"parent":918,"menu_order":1,"comment_status":"closed","ping_status":"closed","template":"","meta":{"footnotes":""},"class_list":["post-1067","page","type-page","status-publish","hentry"],"_links":{"self":[{"href":"https:\/\/home.onwheels.de\/index.php?rest_route=\/wp\/v2\/pages\/1067","targetHints":{"allow":["GET"]}}],"collection":[{"href":"https:\/\/home.onwheels.de\/index.php?rest_route=\/wp\/v2\/pages"}],"about":[{"href":"https:\/\/home.onwheels.de\/index.php?rest_route=\/wp\/v2\/types\/page"}],"author":[{"embeddable":true,"href":"https:\/\/home.onwheels.de\/index.php?rest_route=\/wp\/v2\/users\/1"}],"replies":[{"embeddable":true,"href":"https:\/\/home.onwheels.de\/index.php?rest_route=%2Fwp%2Fv2%2Fcomments&post=1067"}],"version-history":[{"count":6,"href":"https:\/\/home.onwheels.de\/index.php?rest_route=\/wp\/v2\/pages\/1067\/revisions"}],"predecessor-version":[{"id":1085,"href":"https:\/\/home.onwheels.de\/index.php?rest_route=\/wp\/v2\/pages\/1067\/revisions\/1085"}],"up":[{"embeddable":true,"href":"https:\/\/home.onwheels.de\/index.php?rest_route=\/wp\/v2\/pages\/918"}],"wp:attachment":[{"href":"https:\/\/home.onwheels.de\/index.php?rest_route=%2Fwp%2Fv2%2Fmedia&parent=1067"}],"curies":[{"name":"wp","href":"https:\/\/api.w.org\/{rel}","templated":true}]}}