{"id":232,"date":"2020-07-07T21:54:32","date_gmt":"2020-07-07T19:54:32","guid":{"rendered":"http:\/\/home.onwheels.de\/?page_id=232"},"modified":"2020-07-16T20:05:59","modified_gmt":"2020-07-16T18:05:59","slug":"schmalspurbahnen-2019","status":"publish","type":"page","link":"https:\/\/home.onwheels.de\/?page_id=232","title":{"rendered":"Schmalspurbahnen"},"content":{"rendered":"\n<p class=\"has-text-align-center\">Datum der Fahrt<\/p>\n\n\n\n<div class=\"wp-block-image is-style-default\"><figure class=\"aligncenter size-large\"><img loading=\"lazy\" decoding=\"async\" width=\"1024\" height=\"768\" src=\"https:\/\/home.onwheels.de\/wp-content\/uploads\/2020\/07\/DSCN7841-1024x768.jpg\" alt=\"\" class=\"wp-image-375\" srcset=\"https:\/\/home.onwheels.de\/wp-content\/uploads\/2020\/07\/DSCN7841-1024x768.jpg 1024w, https:\/\/home.onwheels.de\/wp-content\/uploads\/2020\/07\/DSCN7841-300x225.jpg 300w, https:\/\/home.onwheels.de\/wp-content\/uploads\/2020\/07\/DSCN7841-768x576.jpg 768w, https:\/\/home.onwheels.de\/wp-content\/uploads\/2020\/07\/DSCN7841-1536x1152.jpg 1536w, https:\/\/home.onwheels.de\/wp-content\/uploads\/2020\/07\/DSCN7841-2048x1536.jpg 2048w, https:\/\/home.onwheels.de\/wp-content\/uploads\/2020\/07\/DSCN7841-600x450.jpg 600w\" sizes=\"auto, (max-width: 1024px) 100vw, 1024px\" \/><\/figure><\/div>\n\n\n<p>In Quedlinburg endet die Harzquerbahn. Die Schmalspurstrecke von Alexisbad nach Quedlinburg entstand in den 90er Jahren durch Umbau einer normalspurigen Strecke.\u00a0<\/p>\n<p>Zun\u00e4chst machten wir einen Ausflug mit dem Schienenbus \u00fcber Alexisbad, Stiege, Eisfelder Talm\u00fchle und Drei Annen Hohne nach Wernigerode. Am Bahnhof in Wernigerode konnte man die Bereitstellung der zahlreichen Dampflokomotiven f\u00fcr den Zugbetrieb beobachten. <br \/>Von Drei Annen Hohne fuhr eine Gruppe mit dem Dampfzug auf den Brocken.\u00a0<\/p>\n<p>Mit dem Reisebus ging es nach Jindrichuv Hradec in Tschechien. Dort beginnen zwei Bahnen mit der Spurweite von lediglich 760 mm, die sich durch die malerische Wald- und Teichgegend, man spricht auch vom B\u00f6hmischen Kanada, winden; eine Bahn f\u00fchrt nach Nov\u00e1 Byst\u0159ice, die andere nach Obrata\u0148.\u00a0<\/p>\n<p>Von Jindrichuv Hradek aus unternahmen wir einige Ausfl\u00fcge auf den Schmalspurstrecken und besuchten auch die Waldviertelbahn in \u00d6sterreich. <br \/>Zum Abschluss ging es nach Cranzahl im Erzgebirge. Von dort geht f\u00e4hrt der Dampfzug bergauf nach Oberwiesental. <br \/><br \/><\/p>\n\n\n<figure class=\"wp-block-image size-large\"><img loading=\"lazy\" decoding=\"async\" width=\"1024\" height=\"768\" src=\"https:\/\/home.onwheels.de\/wp-content\/uploads\/2020\/07\/DSCN7895-1024x768.jpg\" alt=\"\" class=\"wp-image-379\" srcset=\"https:\/\/home.onwheels.de\/wp-content\/uploads\/2020\/07\/DSCN7895-1024x768.jpg 1024w, https:\/\/home.onwheels.de\/wp-content\/uploads\/2020\/07\/DSCN7895-300x225.jpg 300w, https:\/\/home.onwheels.de\/wp-content\/uploads\/2020\/07\/DSCN7895-768x576.jpg 768w, https:\/\/home.onwheels.de\/wp-content\/uploads\/2020\/07\/DSCN7895-1536x1152.jpg 1536w, https:\/\/home.onwheels.de\/wp-content\/uploads\/2020\/07\/DSCN7895-2048x1536.jpg 2048w, https:\/\/home.onwheels.de\/wp-content\/uploads\/2020\/07\/DSCN7895-600x450.jpg 600w\" sizes=\"auto, (max-width: 1024px) 100vw, 1024px\" \/><\/figure>\n","protected":false},"excerpt":{"rendered":"<p>Datum der Fahrt In Quedlinburg endet die Harzquerbahn. Die Schmalspurstrecke von Alexisbad nach Quedlinburg entstand in den 90er Jahren durch Umbau einer normalspurigen Strecke.\u00a0 Zun\u00e4chst machten wir einen Ausflug mit dem Schienenbus \u00fcber Alexisbad, Stiege, Eisfelder Talm\u00fchle und Drei Annen&hellip; <\/p>\n","protected":false},"author":1,"featured_media":0,"parent":208,"menu_order":3,"comment_status":"closed","ping_status":"closed","template":"","meta":{"footnotes":""},"class_list":["post-232","page","type-page","status-publish","hentry"],"_links":{"self":[{"href":"https:\/\/home.onwheels.de\/index.php?rest_route=\/wp\/v2\/pages\/232","targetHints":{"allow":["GET"]}}],"collection":[{"href":"https:\/\/home.onwheels.de\/index.php?rest_route=\/wp\/v2\/pages"}],"about":[{"href":"https:\/\/home.onwheels.de\/index.php?rest_route=\/wp\/v2\/types\/page"}],"author":[{"embeddable":true,"href":"https:\/\/home.onwheels.de\/index.php?rest_route=\/wp\/v2\/users\/1"}],"replies":[{"embeddable":true,"href":"https:\/\/home.onwheels.de\/index.php?rest_route=%2Fwp%2Fv2%2Fcomments&post=232"}],"version-history":[{"count":6,"href":"https:\/\/home.onwheels.de\/index.php?rest_route=\/wp\/v2\/pages\/232\/revisions"}],"predecessor-version":[{"id":380,"href":"https:\/\/home.onwheels.de\/index.php?rest_route=\/wp\/v2\/pages\/232\/revisions\/380"}],"up":[{"embeddable":true,"href":"https:\/\/home.onwheels.de\/index.php?rest_route=\/wp\/v2\/pages\/208"}],"wp:attachment":[{"href":"https:\/\/home.onwheels.de\/index.php?rest_route=%2Fwp%2Fv2%2Fmedia&parent=232"}],"curies":[{"name":"wp","href":"https:\/\/api.w.org\/{rel}","templated":true}]}}