{"id":1852,"date":"2026-03-14T19:54:47","date_gmt":"2026-03-14T17:54:47","guid":{"rendered":"https:\/\/home.onwheels.de\/?post_type=product&#038;p=1852"},"modified":"2026-03-16T22:16:22","modified_gmt":"2026-03-16T20:16:22","slug":"schienenbusfahrt-zum-flachsmarkt","status":"publish","type":"product","link":"https:\/\/home.onwheels.de\/?product=schienenbusfahrt-zum-flachsmarkt","title":{"rendered":"Schienenbusfahrt zum Flachsmarkt"},"content":{"rendered":"<p><strong>Zum Flachsmarkt in Krefeld-Linn<\/strong><\/p>\n<p><em><strong>Pfingstsamstag, 23. Mai 2026<\/strong><\/em><\/p>\n<p>Fahrt zum Flachsmarkt in Krefeld-Linn. Handwerkende aus ganz Deutschland und dem umliegenden Ausland pr\u00e4sentieren sich hier jedes Jahr zu Pfingsten. Der Flachsmarkt rund um Burg Linn bietet nicht nur niveauvolle Vorf\u00fchrungen und Pr\u00e4sentationen verschiedenster Handwerksk\u00fcnste, sondern auch ein attraktives Rahmenprogramm mit Rittern und Musikanten f\u00fcr die ganze Familie. Dorsten ab ca. 9:15 Uhr, Gladbeck West ab ca. 9.30 Uhr. Die R\u00fcckkehr in Dorsten erwarten wir gegen 17:30 Uhr.<\/p>\n<p>Fahrpreis: 64\u20ac (Kind bis einschl. 14 Jahre 30\u20ac)<br \/>\nDer Fahrpreis beinhaltet den Eintritt zum Flachsmarkt.<\/p>\n<p><em>Die Fahrt findet nur statt, wenn eine Mindestteilnehmerzahl erreicht wird.<\/em><\/p>\n<p><strong>Die Fahrkarten werden ihnen wenige Tage vor der Fahrt per Email zugesandt.<\/strong><\/p>\n","protected":false},"excerpt":{"rendered":"<p><strong>Zum Flachsmarkt in Krefeld-Linn<\/strong><\/p>\n<p><strong><em>Pfingstsamstag, 23. Mai 2026<\/em><\/strong><\/p>\n","protected":false},"featured_media":1669,"comment_status":"open","ping_status":"closed","template":"","meta":[],"product_brand":[],"product_cat":[47],"product_tag":[],"class_list":{"0":"post-1852","1":"product","2":"type-product","3":"status-publish","4":"has-post-thumbnail","6":"product_cat-schienenbus","7":"product_shipping_class-kostenloser-versand","9":"first","10":"instock","11":"shipping-taxable","12":"purchasable","13":"product-type-variable"},"_links":{"self":[{"href":"https:\/\/home.onwheels.de\/index.php?rest_route=\/wp\/v2\/product\/1852","targetHints":{"allow":["GET"]}}],"collection":[{"href":"https:\/\/home.onwheels.de\/index.php?rest_route=\/wp\/v2\/product"}],"about":[{"href":"https:\/\/home.onwheels.de\/index.php?rest_route=\/wp\/v2\/types\/product"}],"replies":[{"embeddable":true,"href":"https:\/\/home.onwheels.de\/index.php?rest_route=%2Fwp%2Fv2%2Fcomments&post=1852"}],"wp:featuredmedia":[{"embeddable":true,"href":"https:\/\/home.onwheels.de\/index.php?rest_route=\/wp\/v2\/media\/1669"}],"wp:attachment":[{"href":"https:\/\/home.onwheels.de\/index.php?rest_route=%2Fwp%2Fv2%2Fmedia&parent=1852"}],"wp:term":[{"taxonomy":"product_brand","embeddable":true,"href":"https:\/\/home.onwheels.de\/index.php?rest_route=%2Fwp%2Fv2%2Fproduct_brand&post=1852"},{"taxonomy":"product_cat","embeddable":true,"href":"https:\/\/home.onwheels.de\/index.php?rest_route=%2Fwp%2Fv2%2Fproduct_cat&post=1852"},{"taxonomy":"product_tag","embeddable":true,"href":"https:\/\/home.onwheels.de\/index.php?rest_route=%2Fwp%2Fv2%2Fproduct_tag&post=1852"}],"curies":[{"name":"wp","href":"https:\/\/api.w.org\/{rel}","templated":true}]}}